
121100
In base 2, what is -10101001011 + -1000?
-10101010011
In base 10, what is -10 + 6569?
6559
In base 6, what is -213 - -24123?
23510
In base 5, what is 122300 - 340?
121410
In base 8, what is -510 - 340?
-1050
In base 14, what is 200bd - -4?
200c3
In base 4, what is 11 + -1001011?
-1001000
In base 9, what is -240827 - -2?
-240825
In base 12, what is 264 + 170?
414
In base 10, what is -1793 + -7?
-1800
In base 15, what is -10a1 + -1ce?
-1280
In base 3, what is 11102102211 + -1?
11102102210
In base 9, what is 0 + -473418?
-473418
In base 12, what is -7051 + 3?
-704a
In base 4, what is 10 + -300100?
-300030
In base 13, what is -b34 + 256?
-8ab
In base 4, what is -1212 + 332?
-220
In base 4, what is 11 + -103011330?
-103011313
In base 5, what is 242340 + -10323?
232012
In base 15, what is -2a - -eb5?
e8a
In base 9, what is -12 - -211756?
211744
In base 13, what is -c329 - -6?
-c323
In base 7, what is 3 + -1320331?
-1320325
In base 11, what is 85 + -55?
30
In base 2, what is 101 - -11001101010101100?
11001101010110001
In base 16, what is 3f3 + -362?
91
In base 12, what is 7b + -4655?
-4596
In base 7, what is 36246561 - 0?
36246561
In base 12, what is 7630 - -473?
7aa3
In base 4, what is -1 + 3223212?
3223211
In base 12, what is -180 + 5a?
-122
In base 6, what is -304330 + 55?
-304231
In base 3, what is -1212002201 + -122?
-1212010100
In base 8, what is -2537 - 315?
-3054
In base 3, what is -11012 - 110?
-11122
In base 10, what is 111 + 2178?
2289
In base 7, what is -20350 - -14?
-20333
In base 10, what is -5 - 676682?
-676687
In base 13, what is -5a - 747?
-7a4
In base 6, what is 25051 - 212?
24435
In base 10, what is -13 + 7673?
7660
In base 6, what is 23535314 + 5?
23535323
In base 4, what is 121 - 21220001?
-21213220
In base 8, what is -143 + 26070?
25725
In base 8, what is 5 + -620612?
-620605
In base 15, what is 57 - -e1?
148
In base 4, what is -111110 + -1?
-111111
In base 11, what is 32a - -719?
a48
In base 14, what is 3 - 1ab79?
-1ab76
In base 13, what is -24 - -35023?
34ccc
In base 12, what is 4 + 11116?
1111a
In base 15, what is 549 + 219?
763
In base 3, what is 10201212221 + 2200?
10201222121
In base 12, what is -1582 - -156?
-1428
In base 14, what is -40 - 588?
-5c8
In base 11, what is -1771 - 27?
-1798
In base 7, what is -644333 + 2?
-644331
In base 11, what is 166 + -759?
-5a3
In base 14, what is 46 + -5734?
-56cc
In base 5, what is 4213104 - -2?
4213111
In base 3, what is -12 + 101102122211?
101102122122
In base 5, what is -212 + -10241?
-11003
In base 3, what is -1220120 - -11?
-1220102
In base 3, what is 10 + -20101220121?
-20101220111
In base 4, what is 11 + -10103311?
-10103300
In base 15, what is -4 - 23958?
-2395c
In base 15, what is ab3 + 9?
abc
In base 5, what is -1 - -1341302?
1341301
In base 14, what is 327408 + -5?
327403
In base 2, what is 10101010110001 + -100001100?
10100110100101
In base 10, what is -229 - 432?
-661
In base 10, what is -932 + -208?
-1140
In base 5, what is -3 - -3313110?
3313102
In base 5, what is -322134 - 1?
-322140
In base 2, what is -101 + 11100111010001?
11100111001100
In base 13, what is 2 + -4758?
-4756
In base 5, what is -3341 - 20?
-3411
In base 15, what is -9c4 - 1?
-9c5
In base 7, what is 124 + -53233?
-53106
In base 7, what is 1344 + 20?
1364
In base 10, what is 6 + -13167?
-13161
In base 16, what is -952 + -c4?
-a16
In base 7, what is 1635 - 34?
1601
In base 10, what is -76 - 15853?
-15929
In base 8, what is 3 + -771627?
-771624
In base 9, what is -267766 - 1?
-267767
In base 3, what is 11120021 + 20012?
11210110
In base 11, what is 120 - -11450?
11570
In base 6, what is -45 - -230221?
230132
In base 14, what is -180a + -164?
-1970
In base 9, what is 1614 + 425?
2140
In base 15, what is -203e - -13?
-202b
In base 9, what is -5 - -14664?
14658
In base 15, what is -943 + -c?
-950
In base 2, what is 10 - 11011100011100?
-11011100011010
In base 10, what is 3 - -561003?
561006
In base 15, what is -166 - 26?
-18c
In base 14, what is -2 + ac924?
ac922
In base 10, what is 0 + -94312?
-94312
In base 11, what is 460a - 4?
4606
In base 8, what is 4 + -2634362?
-2634356
In base 16, what is -2 + 14945d?
14945b
In base 12, what is 4a93 - -3?
4a96
In base 2, what is -10 - 1101100000001?
-1101100000011
In base 14, what is -cc69 - 28?
-cc93
In base 11, what is 181020 + 2?
181022
In base 6, what is -4 - 205515?
-205523
In base 6, what is -5 - 5521243?
-5521252
In base 12, what is -2021 - 243?
-2264
In base 2, what is -11000 + 100000011011?
100000000011
In base 10, what is 40616 - -4?
40620
In base 9, what is 201 - -3078?
3280
In base 8, what is -3072662 + 2?
-3072660
In base 10, what is 3 - 39932?
-39929
In base 8, what is -64 + -1672?
-1756
In base 2, what is -10000110 + 1000011001110?
1000001001000
In base 8, what is 1236160 - -10?
1236170
In base 7, what is 50 + 3315?
3365
In base 5, what is 431311 - 11?
431300
In base 6, what is 533451 - -5?
533500
In base 6, what is 114 + 15524?
20042
In base 6, what is 520444 + -101?
520343
In base 14, what is c0a11 - 1?
c0a10
In base 5, what is 1144 + -12040?
-10341
In base 3, what is 222202100 - 121?
222201202
In base 9, what is -1 + -43027?
-43028
In base 15, what is 2 - 41e52?
-41e50
In base 9, what is -5 - 548345?
-548351
In base 9, what is -685 - 182?
-877
In base 3, what is 2221111 + -2012?
2212022
In base 3, what is 21002 - 2012?
11220
In base 12, what is 1489 - 19?
1470
In base 12, what is -41 + 146a6?
14665
In base 2, what is -111 - 111101100001001?
-111101100010000
In base 16, what is db - -4f?
12a
In base 8, what is -40110 + -11?
-40121
In base 9, what is -1444 + 5?
-1438
In base 3, what is -20 - -1001200?
1001110
In base 2, what is -100111110100110 - 11001?
-100111110111111
In base 10, what is -17804 - -5?
-17799
In base 5, what is 31404324 - -11?
31404340
In base 8, what is 20664 - -3?
20667
In base 10, what is 817018 + 2?
817020
In base 8, what is -721 - -1?
-720
In base 2, what is -11 - 111011111001010000?
-111011111001010011
In base 13, what is 1394a - 1?
13949
In base 9, what is -3 + 472575?
472572
In base 10, what is 6 + 3865?
3871
In base 15, what is 240 - e7e?
-c3e
In base 14, what is -90b02 + 1?
-90b01
In base 16, what is 3 + -6b28?
-6b25
In base 4, what is -20110 + 21?
-20023
In base 6, what is 0 + 204444?
204444
In base 10, what is -2274710 + 4?
-2274706
In base 14, what is 48b5 - 2?
48b3
In base 11, what is aa1619 + -3?
aa1616
In base 16, what is 70fe - 2?
70fc
In base 15, what is c + -41ae?
-41a2
In base 11, what is -941a31 + 1?
-941a30
In base 13, what is -570 + -6?
-576
In base 4, what is -1011 - 12210000?
-12211011
In base 13, what is 2 + 1767a?
1767c
In base 2, what is 1011100101100 - -11001101?
1011111111001
In base 15, what is 1439 + 3?
143c
In base 16, what is 31583 + 3?
31586
In base 14, what is 4d6a - -5?
4d71
In base 5, what is 3212202 + -1?
3212201
In base 8, what is -10300 - 3?
-10303
In base 10, what is 2 - 75978?
-75976
In base 11, what is 67 + 31?
98
In base 16, what is 2be7e - 1?
2be7d
In base 5, what is -3 - -30221?
30213
In base 2, what is -101001111 - 111010010100?
-111111100011
In base 11, what is 35057 - -12?
35069
In base 9, what is -4 + -737371?
-737375
In base 6, what is 313133 - -3?
313140
In base 8, what is 3 + 25766?
25771
In base 13, what is 1 - 131c?
-131b
In base 13, what is 5 - -121c?
1224
In base 4, what is -102123 - 22330?
-131113
In base 9, what is 4 + 171141?
171145
In base 13, what is -4111 - 35?
-4146
In base 12, what is -92 - -15b69?
15a97
In base 3, what is -12 + -21102222102?
-21102222121
In base 4, what is 32130001 + 3?
32130010
In base 11, what is 9 + 2043?
2051
In base 9, what is 20 + -3165?
-3145
In base 3, what is -200221 + -2?
-201000
In base 4, what is -1003122 + 33?
-1003023
In base 2, what is -1100 - -10001100010011?
10001100000111
In base 13, what is -66 + a0?
37
In base 2, what is -1110100 + -1001011010?
-1011001110
In base 2, what is 101011 + 101100100?
110001111
In base 4, what is 1 + -30322231?
-30322230
In base 15, what is be8d - 3?
be8a
In base 10, what is -515036 - 5?
-515041
In base 14, what is -5b9 - -2b?
-58c
In base 5, what is 24 + -121012?
-120433
In base 14, what is 1a6 + -38?
16c
In base 9, what is 5 - 30353?
-30347
In base 13, what is 1977 - 35?
1942
In base 12, what 